r when 79 is divided by 72?
7
What is the remainder when 3435 is divided by 1142?
9
What is the remainder when 339 is divided by 108?
15
Calculate the remainder when 971 is divided by 36.
35
Calculate the remainder when 116 is divided by 14.
4
Calculate the remainder when 267 is divided by 9.
6
Calculate the remainder when 39 is divided by 11.
6
Calculate the remainder when 527 is divided by 23.
21
What is the remainder when 108 is divided by 10?
8
Calculate the remainder when 1720 is divided by 143.
4
What is the remainder when 6717 is divided by 120?
117
What is the remainder when 1241 is divided by 83?
79
What is the remainder when 39431 is divided by 47?
45
Calculate the remainder when 826 is divided by 139.
131
Calculate the remainder when 5102 is divided by 232.
230
What is the remainder when 2876 is divided by 39?
29
What is the remainder when 216 is divided by 25?
16
Calculate the remainder when 435 is divided by 19.
17
What is the remainder when 901 is divided by 41?
40
What is the remainder when 8260 is divided by 44?
32
Calculate the remainder when 665 is divided by 219.
8
What is the remainder when 375 is divided by 363?
12
Calculate the remainder when 922 is divided by 37.
34
Calculate the remainder when 548 is divided by 183.
182
What is the remainder when 245 is divided by 53?
33
Calculate the remainder when 530 is divided by 132.
2
What is the remainder when 155 is divided by 32?
27
What is the remainder when 9779 is divided by 163?
162
Calculate the remainder when 69 is divided by 60.
9
What is the remainder when 2123 is divided by 704?
11
Calculate the remainder when 50 is divided by 10.
0
What is the remainder when 24 is divided by 23?
1
What is the remainder when 3372 is divided by 16?
12
What is the remainder when 89 is divided by 48?
41
Calculate the remainder when 50 is divided by 3.
2
Calculate the remainder when 1159 is divided by 164.
11
What is the remainder when 1616 is divided by 336?
272
What is the remainder when 155 is divided by 42?
29
Calculate the remainder when 15578 is divided by 14.
10
What is the remainder when 3311 is divided by 18?
17
Calculate the remainder when 340 is divided by 6.
4
What is the remainder when 7724 is divided by 4?
0
What is the remainder when 1515 is divided by 505?
0
What is the remainder when 46 is divided by 13?
7
Calculate the remainder when 1113 is divided by 393.
327
What is the remainder when 900 is divided by 41?
39
What is the remainder when 165 is divided by 44?
33
What is the remainder when 633 is divided by 154?
17
Calculate the remainder when 1895 is divided by 107.
76
What is the remainder when 916 is divided by 131?
130
What is the remainder when 1910 is divided by 49?
48
What is the remainder when 199 is divided by 10?
9
What is the remainder when 2119 is divided by 526?
15
Calculate the remainder when 1032 is divided by 41.
7
What is the remainder when 7 is divided by 6?
1
Calculate the remainder when 9571 is divided by 20.
11
What is the remainder when 1836 is divided by 23?
19
Calculate the remainder when 175 is divided by 36.
31
What is the remainder when 1309 is divided by 22?
11
Calculate the remainder when 4147 is divided by 51.
16
What is the remainder when 227 is divided by 23?
20
Calculate the remainder when 2204 is divided by 9.
8
What is the remainder when 9722 is divided by 11?
9
What is the remainder when 469 is divided by 8?
5
What is the remainder when 59 is divided by 33?
26
What is the remainder when 12 is divided by 7?
5
Calculate the remainder when 845 is divided by 53.
50
Calculate the remainder when 838 is divided by 69.
10
Calculate the remainder when 333 is divided by 105.
18
What is the remainder when 702 is divided by 23?
12
Calculate the remainder when 820 is divided by 192.
52
What is the remainder when 676 is divided by 56?
4
Calculate the remainder when 1003 is divided by 998.
5
Calculate the remainder when 397 is divided by 10.
7
Calculate the remainder when 193 is divided by 100.
93
Calculate the remainder when 30 is divided by 20.
10
Calculate the remainder when 229 is divided by 21.
19
What is the remainder when 2175 is divided by 102?
33
Calculate the remainder when 6524 is divided by 107.
104
Calculate the remainder when 196 is divided by 53.
37
What is the remainder when 67 is divided by 17?
16
Calculate the remainder when 3196 is divided by 50.
46
What is the remainder when 37 is divided by 13?
11
Calculate the remainder when 35 is divided by 15.
5
Calculate the remainder when 9310 is divided by 8.
6
Calculate the remainder when 5608 is divided by 31.
28
What is the remainder when 2917 is divided by 65?
57
What is the remainder when 90 is divided by 37?
16
What is the remainder when 1804 is divided by 99?
22
What is the remainder when 12714 is divided by 60?
54
Calculate the remainder when 236 is divided by 48.
44
Calculate the remainder when 1425 is divided by 17.
14
What is the remainder when 2745 is divided by 172?
165
Calculate the remainder when 219 is divided by 56.
51
What is the remainder when 395 is divided by 16?
11
What is the remainder when 27 is divided by 26?
1
Calculate the remainder when 2581 is divided by 38.
35
Calculate the remainder when 198 is divided by 39.
3
What is the remainder when 697 is divided by 23?
7
Calculate the remainder when 21229 is divided by 337.
335
Calculate the remainder when 139 is divided by 70.
69
Calculate the remainder when 792 is divided by 57.
51
What is the remainder when 723 is divided by 217?
72
Calculate the remainder when 843 is divided by 13.
11
Calculate the remainder when 1326 is divided by 223.
211
Calculate the remainder when 998 is divided by 980.
18
Calculate the remainder when 167 is divided by 91.
76
Calculate the remainder when 590 is divided by 27.
23
What is the remainder when 58 is divided by 38?
20
Calculate the remainder when 1574 is divided by 7.
6
Calculate the remainder when 101 is divided by 21.
17
Calculate the remainder when 303 is divided by 76.
75
Calculate the remainder when 74 is divided by 6.
2
What is the remainder when 161 is divided by 54?
53
Calculate the remainder when 18175 is divided by 505.
500
What is the remainder when 893 is divided by 39?
35
Calculate the remainder when 1085 is divided by 8.
5
What is the remainder when 300 is divided by 36?
12
What is the remainder when 229 is divided by 216?
13
What is the remainder when 224 is divided by 19?
15
Calculate the remainder when 549 is divided by 145.
114
Calculate the remainder when 177 is divided by 12.
9
Calculate the remainder when 935 is divided by 72.
71
Calculate the remainder when 5739 is divided by 198.
195
Calculate the remainder when 2309 is divided by 105.
104
What is the remainder when 208 is divided by 78?
52
What is the remainder when 1768 is divided by 17?
0
What is the remainder when 291 is divided by 6?
3
Calculate the remainder when 66 is divided by 16.
2
Calculate the remainder when 2661 is divided by 23.
16
What is the remainder when 67 is divided by 39?
28
What is the remainder when 230 is divided by 107?
16
What is the remainder when 693 is divided by 87?
84
What is the remainder when 64 is divided by 21?
1
What is the remainder when 1203 is divided by 67?
64
Calculate the remainder when 1490 is divided by 143.
60
Calculate the remainder when 445 is divided by 109.
9
What is the remainder when 625 is divided by 63?
58
What is the remainder when 6170 is divided by 14?
10
Calculate the remainder when 49 is divided by 27.
22
What is the remainder when 404 is divided by 102?
98
What is the remainder when 136 is divided by 26?
6
Calculate the remainder when 72 is divided by 46.
26
What is the remainder when 539 is divided by 23?
10
Calculate the remainder when 248 is divided by 83.
82
Calculate the remainder when 9484 is divided by 35.
34
Calculate the remainder when 158 is divided by 21.
11
What is the remainder when 1189 is divided by 152?
125
Calculate the remainder when 119 is divided by 57.
5
Calculate the remainder when 349 is divided by 49.
6
Calculate the remainder when 155 is divided by 32.
27
Calculate the remainder when 674 is divided by 194.
92
What is the remainder when 32 is divided by 9?
5
What is the remainder when 1259 is divided by 41?
29
Calculate the r